e first derivative of -26 + c + 1/3*c**3 + 2*c**2. What is w(-4)?
1
Let q be ((-36)/20)/(15/4925). Let k = q - -591. Let y(t) = -3*t**3 - 19 - t + 6*t**3 - t**2 - 4*t**3. What is y(k)?
-19
Suppose -6*c + 309 + 171 = 0. Let i(x) = -76 - 2*x + 3*x + c. Calculate i(-4).
0
Let o be 51/264 - (-5 - (-4 - (-54)/(-66))). Let f(k) be the third derivative of 1/60*k**5 + 11*k**2 + o*k**4 + k**3 + 0 + 0*k. What is f(-8)?
-2
Let h(m) = m + 8. Suppose 5 = 8*g - 59. Suppose -56*t + 52*t = -g. Let i be (-7)/t + 1/(-2). Determine h(i).
4
Let s(a) = -2*a - 13. Suppose -5*d - 4*w = 82, d - 4 = -5*w - 12. Give s(d).
23
Let l be 2 + 0/4 - (-270)/(-180). Let b(q) be the first derivative of -3*q + 1/4*q**4 + l*q**2 - 17 - 4/3*q**3. Give b(4).
1
Let x(w) = -w**2 - 5*w - 6. Suppose 26 = -11*q + 48. Suppose 0 = 5*c - q*i + 5 + 23, -c - 12 = -2*i. What is x(c)?
-2
Let m(l) be the second derivative of l**5/20 + l**2 - l. Let c(q) = -2*q + 2. Suppose -3*s - 20 = 5*a, 4*s - 3*a + 56 - 68 = 0. Let z be c(s). Calculate m(z).
10
Let m = -379 - -387. Let g(j) = -16*j. Give g(m).
-128
Let z = -9428 - -9418. Let g(a) = -6*a - 54. Calculate g(z).
6
Let k(m) = -21 + m**3 + 51911*m - 3 - 51907*m - 7*m**2. What is k(7)?
4
Suppose 3*u = -c + 225 - 190, 0 = -7*c - 28. Let b(o) = -o**3 + 14*o**2 - 18*o + 14. Determine b(u).
-51
Let r(f) = -f**2 + 9*f - 15. Let g(l) = -7*l**2 - 63*l - 52. Let u be g(-8). Give r(u).
5
Let p(c) = c. Let v be (66/(-12) - -5)*10. Let x(u) = 21*u - 1. Let i(g) = v*p(g) + x(g). What is i(1)?
15
Let u = -20 - -24. Suppose 2*r + 4*k = u*r - 4, -5*k = -5*r + 15. Let y(v) = 0 - v + r - 4. Determine y(-7).
7
Let y be -5*(-27*(-2)/30 + -3). Let u = -21 - -23. Let k(l) = -2*l**2 + l**2 + u*l**2 + 3 - 3*l - 3*l. Determine k(y).
3
Let j(s) = -s**3 - 2*s**2 + 14*s + 7. Let i be j(-5). Let l(k) = 10*k - 9*k - 5 - 3 - 1 + i. What is l(-14)?
-11
Let c(u) = 5*u + 5. Let p be c(-2). Let n(t) = t**2 - 17*t + 54. Let y be n(13). Let i(r) = -r**3 + 5 + 0 - 12*r**y - 5*r**2 + 12*r**2. Calculate i(p).
5
Let j be -2 - 0*(-3)/24. Let z be j*1*42/(-12). Let q(a) be the second derivative of a**5/20 - 7*a**4/12 - a**3/6 - 5*a**2 + 2*a. Calculate q(z).
-17
Suppose q + 5*l - 6 = 9, 0 = -5*q + 3*l + 47. Let r(g) = 6 - 16*g + 7*g - 2 + q*g. Suppose 130*y - 5*p + 23 = 128*y, -23 = 5*y - p. Give r(y).
0
Let c be ((-13)/3)/(9/(-27)). Let k = 13 - c. Let o(g) = -4 + 5 + 6 + g - 2 + 2. Give o(k).
7
Let p(s) be the third derivative of s**6/120 + s**5/15 - s**4/24 + s**3/2 - 3088*s**2. Calculate p(-4).
7
Let g(i) = 0*i + 9*i - 2*i - 12*i**2 + 5. Let j(q) = 18*q**2 - 10*q - 7. Let l(v) = 7*g(v) + 5*j(v). Let t be 1/(44/(-52) - 6/39). Determine l(t).
7
Let b be -7*(-2)/4 + (-1)/2. Suppose 5 - b = m. Suppose 2*z = -2*h - 6 + 2, 4*h = -z - m. Let l(y) = y**3 + y + 2. What is l(h)?
2
Suppose -z = 3*s + z - 22, 0 = s - z - 4. Let w(f) = s + 0 - 5 - 2*f. Give w(-2).
5
Let h be (2 - 8) + 21*268/12. Let m = h - 461. Let z(b) be the first derivative of b**4/4 - 4*b**3/3 + 2*b + 1. What is z(m)?
-6
Let s(z) be the second derivative of -z**3/6 + 3*z**2 - 93*z. Let d(j) = 5*j - 29. Let t(l) = d(l) + 6*s(l). Give t(-6).
13
Let c(l) be the second derivative of 0 - 1/2*l**2 - 4/3*l**3 - 2/3*l**4 - 7*l - 1/20*l**5. Let d be 2/(-5 + 33/7). What is c(d)?
6
Let o(s) be the first derivative of 17*s**2/2 + 59*s + 6118. Give o(-3).
8
Let w(h) be the first derivative of 120 - 5*h - 1/4*h**4 - 1/2*h**2 - 8/3*h**3. Calculate w(-8).
3
Let l(b) = -b + 2*b**2 + 3253 - 3252 - 10*b**2. Suppose 4*y + 4*s = 3*s + 51, 0 = 4*y - 2*s - 54. Suppose -4*x + 4*g = g - y, g + 4 = x. What is l(x)?
-8
Suppose 4*v - 35 = 5*n, -v - 3*n = -0*n + 4. Let w be (8 + 2 + 5)*(-2)/v. Let x(g) = -g - 6. Determine x(w).
0
Let c(h) = 6228*h - 12458*h + 6234*h + 4 + 124*h**2. Calculate c(-1).
124
Let d(f) be the second derivative of f**5/20 - f**4/2 + 7*f**3/6 - 2*f**2 + 4778*f - 2. Let b(t) = 2*t - 6. Let y be b(5). Give d(y).
-8
Let o(v) = -v**3 - 8*v**2 - 7*v + 5. Let k(c) = -5*c - 20. Let u be k(15). Let r = -91 - u. Suppose -15 = 2*y + l, 3*l = -0*y + r*y + 25. What is o(y)?
5
Let d = -28 + 31. Let f(l) be the second derivative of -1/12*l**4 - l**2 + 0 - 24*l + 1/2*l**3. Give f(d).
-2
Let v(p) = -p + 3. Suppose -3*c - 3*w - 12 = 0, -4*c - 5*w - 9 = 11. Suppose c = -2*z + 4*k - 20, -1 = z - 4*k + 15. Determine v(z).
7
Let b(r) = -4*r**2 - 396213*r + 1 + 396211*r + 2*r**3 + 2*r**2. Let w = -13 + 15. Give b(w).
5
Let c(g) = -2*g + 6. Let o be -4*(27/6 - 4). Let p = -9 + 15. Let y be -5*(2 + p/(-15))/o. Calculate c(y).
-2
Suppose -95 = -17*l - 2*l. Let h(m) = 9*m - 49. Let q be h(l). Let j(a) be the third derivative of -a**5/60 - a**4/8 + 3*a**2. Give j(q).
-4
Let t(q) be the third derivative of q**4/24 - q**3/6 - 8*q**2 - 2. Suppose 7*m - 2*m - 15 = 0. What is t(m)?
2
Let i(s) = -15*s**3 - 3*s**2 + 3*s. Let d(h) = -h. Let z(b) = 5*d(b) + i(b). What is z(-1)?
14
Let u(b) = -13*b + 5. Let c(x) = 16*x - 3. Let y(t) = 4*c(t) + 5*u(t). Let m = -20 - -28. Give y(m).
5
Let d(z) = -z**3 - 4*z**2 + 22*z - 4. Let k be d(3). Let u(j) be the third derivative of -1/24*j**4 + 0*j**3 + 0 + 0*j + 3*j**2. Determine u(k).
1
Let j(x) = x + 1. Let d = 50 + -47. Suppose -5*s = -d - 2. Let w be 1/3*(-18 - (s + -4)). Determine j(w).
-4
Let g(y) = 15*y + 16. Let c(r) = -37*r - 34. Let f(q) = 2*c(q) + 5*g(q). Let t be 43 - 51 - ((1 - -3) + 0). Give f(t).
0
Let p(a) be the second derivative of a**5/20 + 7*a**4/12 + 4*a**3/3 - 5*a**2/2 - 481*a. Determine p(-3).
7
Suppose -3*y + p = 7, 2*y - 6*p = -3*p - 14. Let f(c) = 12*c**3 + 4*c**2 + 3*c. Calculate f(y).
-11
Let w(b) = 2*b**3 + 10*b**2 - 9*b + 4. Suppose 345 + 541 + 182 = -178*u. Give w(u).
-14
Let m(c) = -c**3 - 4*c**2 + 4*c - 7. Let t be (-1)/3 + 7 + 125/15. Suppose 25 = t*q - 20*q. Give m(q).
-2
Let j(f) = 1. Let t(l) = 6*l - 4. Let o(u) = 3*j(u) + t(u). Let g = -407 + 408. Calculate o(g).
5
Let i(z) be the third derivative of -z**6/120 + 3*z**5/20 + 13*z**4/24 - 5*z**3/6 + 128*z**2 + 5. Determine i(10).
25
Let p(i) = -i**2 - 9*i + 2. Suppose -17*s + 11*s = -12. Let q(o) = o**3 - o - 1. Let r be q(2). Suppose s*l + 3 + r = 0. Give p(l).
22
Let h(l) = -3*l - 12. Let n(a) = 2*a + 6. Let o(w) = 3*h(w) + 5*n(w). Suppose -2*z = -2*v + 2, 3*z + 5 = -2*v + 27. Calculate o(v).
-1
Let c(x) = x**2 - x - 5. Suppose 8*q - 45 = -69. Let j(m) = m**2 - 2*m - 6. Let v(k) = q*j(k) + 4*c(k). Let t be (0 + 1)*(-4)/(-2). What is v(t)?
6
Suppose -26*w + 211*w + 107 = 1032. Let u(l) = l**3 - 6*l**2 + 6*l - 3. Determine u(w).
2
Let j(v) = 26*v - 36. Let a be j(5). Let i = -97 + a. Let z(l) = -l - 4. Calculate z(i).
-1
Let z(p) = -p**3 + 40*p**2 - 150*p - 85. Let d be z(5). Let n(h) be the third derivative of 0*h + d*h**2 + 1/8*h**4 + 1/2*h**3 + 0 + 1/30*h**5. Determine n(-2).
5
Let f(l) = -6*l**2 - l + 1. Let p be 1*(15/3 - 3). Suppose -p*h = -10 + 2. Suppose 9*g - 2*k - 3 = h*g, -5*g + 5*k = 0. Calculate f(g).
-6
Let f(l) be the first derivative of l**4/6 - l**3/3 - l**2/2 - 4*l + 30. Let z(h) be the first derivative of f(h). Calculate z(-1).
3
Let s(b) = 3*b + 6. Let u(m) = 17*m + 31. Suppose 3*r - 2*y + 53 = -6*y, y = r + 6. Let l(h) = r*s(h) + 2*u(h). Determine l(6).
2
Let l(p) = -11*p**2 - 167*p + 14. Let m(v) = -4*v**2 - 63*v + 5. Let u(o) = 3*l(o) - 8*m(o). Calculate u(8).
-38
Let y(o) = -235*o - 61. Let z(x) = 108*x + 31. Let h(v) = -6*y(v) - 13*z(v). Give h(5).
-7
Let b(k) be the second derivative of k**4/6 + 17*k**3/3 + 139*k**2/2 + 2335*k. What is b(-6)?
7
Let y(j) = -38*j**2 + 11*j**2 + 0*j**3 + j**3 - 23*j**2 + 101 - 5226*j + 5320*j. What is y(48)?
5
Let x(h) be the third derivative of h**6/40 + h**5/60 - h**4/12 + h**3/3 + 26*h**2. What is x(1)?
4
Let f(o) = -108*o + 78*o + 6*o**2 + 432 - 462 - 3*o**2. Calculate f(11).
3
Let v(y) = 4*y + 17*y - 5*y - 6 - 24*y. Calculate v(2).
-22
Suppose -4*l - 16*l = -4560. Let n = l + -226. Let o(p) = p + p - 3*p + 1. Give o(n).
-1
Let a = -26176 - -26177. Let d(o) = -3 - 3 + 5 - 7*o**2. Give d(a).
-8
Let m(r) = -19*r**3 + r**2 - 2*r + 1. Let l(z) = z**2 + 1. Let w = -332 + 332. Let a be l(w). Give m(a).
-19
Let r(l) = -l**3 + 2*l**2 + 2*l - 3. Suppose 8*m = -8 - 24. Let f be 1/(-3) + ((-260)/15)/m. Let d be (-6)/f*(0 - 2). Determine r(d).
-6
Let u(y) = 2*y + 18*y**2 + 345 - 9*y**2 - 10*